5). Let v be (-2)/(-3)*(c + 1). What is the tens digit of ((-4)/(-12))/(v/60)?
1
Let v = 26 + -24. Suppose v*n - 80 = -o + 2*o, -n + 3*o = -50. What is the units digit of n?
8
Let k(p) = 14*p - 12. What is the hundreds digit of k(15)?
1
Let m(r) = 4*r**2 + 8*r - 2. Let a be m(-3). Suppose -4*s = -u + 87, 0*s = 2*s + a. What is the units digit of u?
7
Let w(s) = -48*s**3 + 2*s**2 + 3*s + 7. What is the tens digit of w(-3)?
1
Let u = 1615 + -811. What is the units digit of u?
4
Let d = 4 + 4. Let o(b) = b**3 - 9*b**2 + 11*b - 1. Let n be o(d). Suppose -s = -n - 4. What is the tens digit of s?
2
Suppose 0 = -t + 5*h - 5, 4*h + 20 = -t - 3*t. Let c = -2 - t. Suppose -31 = -o - 2*l, 0 = 3*o + c*l - 0*l - 87. What is the tens digit of o?
2
What is the hundreds digit of (-6 + 4 + 1)/((-3)/2013)?
6
Let s = 199 - -191. Suppose -2*n = 3*n - s. Suppose 17 = 5*b - 3*r - 77, 4*b - r = n. What is the units digit of b?
0
Suppose 6 = -5*v + n, -1 = v + v + n. Let w(z) = 9*z - 5. Let h(c) = -c. Let p(s) = v*w(s) - 5*h(s). What is the units digit of p(-6)?
9
Suppose -107 = 3*u - 4*u. Let d = -70 + u. What is the tens digit of d?
3
Let h(c) = c**2 - 2*c - 5. Suppose 0 = -5*y + 5 + 15. Let o be h(y). Suppose 0 = -0*n + o*n - 96. What is the tens digit of n?
3
Suppose -24*x + 28*x = -28. Suppose -v - 3*t - 55 = 0, 0 = 5*v + t - 0*t + 345. What is the tens digit of (v/(-4))/x*-10?
2
What is the hundreds digit of (-299)/(3 - 10 - -6)?
2
Let w = 19 - 12. Let d(h) = -h**3 + 8*h**2 - 8*h + 3. Let g be d(w). What is the units digit of 7 + g + 12/2?
9
Suppose -2 + 1 = f - 5*b, 5*b - 4 = 4*f. Let p be (-342)/(-12) - f/(-2). Let u = p - -11. What is the tens digit of u?
3
Suppose 4*n = o - 10, 0 = o - 3*n + n - 2. Let v(k) = -k + 0*k - 3*k. What is the units digit of v(o)?
4
What is the tens digit of -1 + (-1422)/(-8) + 25/100?
7
Let j be 0 - 7/((-14)/(-16)). Let t = -14 - j. What is the units digit of t/(-4)*12/2?
9
Let s = 3 - -141. What is the tens digit of s?
4
Let c = 25 - -257. What is the hundreds digit of c?
2
Let n(s) = 15*s**2 + 2*s + 43. What is the tens digit of n(6)?
9
Suppose 2*k - 6058 = 5*n, -k - 116 = -2*n - 3145. What is the tens digit of k?
2
Let i(k) = 18*k**2 + 2*k - 2. Let u(m) = m**3 + 6*m**2 + 5*m + 1. Let x be u(-4). Suppose 9 = 2*r + x. What is the tens digit of i(r)?
6
Let t be (20 - 17)/(3/(-64)). Suppose m + 32 = -3*q, -3*m - m + 2*q - 114 = 0. Let a = m - t. What is the tens digit of a?
3
Suppose -p + 7 = -48. What is the tens digit of p + -1 - (-7)/((-21)/6)?
5
Let s(c) = -4*c - 26. Let x(g) = -3*g - 17. Let r(k) = -5*s(k) + 7*x(k). Let m be (8/3)/((-2)/12). What is the tens digit of r(m)?
2
Suppose r + r = 6. Suppose 1 = r*t - 11. Suppose -t*j - j = -75. What is the units digit of j?
5
Let d(j) = 13 + 4*j**2 + j - 3*j**2 - 3*j**2. What is the tens digit of d(0)?
1
Let l = 1995 - 544. What is the units digit of l?
1
Let l = 2230 - 2096. What is the hundreds digit of l?
1
Suppose 23*u - 6861 = -168. What is the tens digit of u?
9
Let q(v) = -v - 9. Let k be q(-9). Suppose -5*t + 10*t - 120 = k. Suppose -24*r = -27*r + t. What is the units digit of r?
8
Suppose 0 = 2*a - 5*s + 14, 3*s - 3 = -0*a + 3*a. Suppose -a*j = 2*j - 5*f - 635, -2*j + 3*f = -254. What is the hundreds digit of j?
1
Suppose 5*v - o - 6 - 3 = 0, 3*v = -5*o + 11. Suppose 0 = -v*k + 3 + 13. What is the units digit of k?
8
Let r = -4 - -8. Suppose -w = r*w - 30. What is the units digit of 2/w + 145/15?
0
Suppose -2196 = 17*j - 21*j. What is the hundreds digit of j?
5
Let u(x) = -2*x + 9. Let l be u(-6). Let t = -58 + 99. Let p = t - l. What is the tens digit of p?
2
Let w be ((-10)/8)/1*48. Let z = 96 + w. Suppose 3*v = 6*v - z. What is the units digit of v?
2
Suppose 1097 = 4*w - 379. Suppose -w + 93 = -3*n. What is the units digit of n?
2
Let d(r) = -10*r - 10. What is the hundreds digit of d(-37)?
3
Let z be (0 - (2 + -3)) + 24. Suppose -t = -0*t - z. What is the units digit of (90/t)/((-2)/(-5))?
9
Suppose 10*z - 24666 - 24494 = 0. What is the thousands digit of z?
4
Let n(q) = 263*q + 189. What is the thousands digit of n(4)?
1
Suppose -42876 = -144*s + 132*s. What is the units digit of s?
3
Let k = -13 + 76. Suppose 0 = 3*f - k - 93. What is the tens digit of f?
5
Let t(q) = q**3 - 5*q**2 + 11*q - 12. What is the units digit of t(4)?
6
Suppose 5*u = 146 - 31. Suppose 3*l + 8 = 2*m - 7, -4*m = l - u. Suppose 46 = -m*w + 8*w. What is the tens digit of w?
2
Let r(t) = t**3 - 13*t**2 - t + 18. Let k be r(13). Suppose -43 = -y - k*n, -4*y + 236 = y + 4*n. What is the tens digit of y?
4
Let f(s) = -3*s**3 - 12*s**2 - 4*s + 23. What is the hundreds digit of f(-10)?
8
Let f be (96/14)/(8/(-1064)). Let j be ((f/4)/(-2))/2. Suppose -j = -3*w + 45. What is the units digit of w?
4
Let k(b) = -b**2 + 11*b + 21. Let o be k(10). What is the units digit of 6/6 - o*-1?
2
Let j(t) = 4*t**2 - 2*t + 1. Let q be j(1). Let k be 20 - ((-2 - -3) + q). Let z = 21 - k. What is the units digit of z?
5
Let m(c) = -3*c + 26*c**2 - 37*c**3 - 29*c**2 - 2 + 10*c**3. What is the units digit of m(-2)?
8
Let w = 1031 + -58. What is the hundreds digit of w?
9
Let x(z) = 3*z - 2*z - 2*z**2 - z**3 + 2 + 3*z**2 + 0. Let d be x(0). What is the tens digit of (-7*4)/(d/(-3))?
4
Let r(y) = -8 - 22 + 19 + y**2. What is the hundreds digit of r(11)?
1
Let z = 621 + -182. What is the units digit of z?
9
Let s(v) be the first derivative of -19*v**4 - v**3/3 + v**2/2 + v + 7. What is the tens digit of s(-1)?
7
Let z = 7 - 2. Suppose 0 = -z*r + 102 - 287. Let b = 73 + r. What is the tens digit of b?
3
What is the hundreds digit of (13 + 132)*(-1 - -2)?
1
Let o = 43 + 152. Let f = o - 74. What is the units digit of f?
1
Suppose q + q = 10. Let s(w) = -2*w + 14. Let x(t) = 3*t - 21. Let m(n) = -7*s(n) - 5*x(n). What is the units digit of m(q)?
2
Let n(d) = d + 1. Let i be n(3). Suppose -242 = -2*y + 4*r, 577 = 5*y + r - i*r. What is the tens digit of y?
1
Suppose 2*x = 2*l - 1208, 3*l - 963 - 849 = -5*x. What is the tens digit of l?
0
Let g = 364 - -351. What is the tens digit of g?
1
Let s(c) = -5*c**2 + 12*c - 20. Let i be s(11). Let r = 738 + i. What is the hundreds digit of r?
2
Let j(c) = -3*c**2 + 104. Suppose -3*q + 12 = -3*b, 0 = -q - 2*b - 2*b - 16. What is the tens digit of j(q)?
0
Let i(f) = 15*f - 5. Let p be i(-8). Let j be 2/9 + p/(-45). Suppose -76 = -7*y + j*y. What is the tens digit of y?
1
Let u = -6 - -24. Let t be 44/6*u/4. Suppose 0 = -9*b + 8*b + t. What is the tens digit of b?
3
Suppose 11*y = -0*y + 3135. What is the units digit of y?
5
Suppose 49*o = 25*o + 1680. What is the units digit of o?
0
Suppose -2*u = -8 + 2, -u + 9 = -3*s. What is the hundreds digit of (-1*(-127 + 0))/((-2)/s)?
1
Suppose -2291 + 227 = -6*q. Let v = -195 + q. What is the units digit of v?
9
Let z(u) = -1024*u - 455. What is the hundreds digit of z(-3)?
6
Let d(p) = 23*p - 5. Let f be 36/21*(3 - 3/(-6)). What is the hundreds digit of d(f)?
1
What is the thousands digit of ((-3106)/(-6))/(55/165)?
1
Let b(z) = 3*z**2 - 42*z + 2. What is the hundreds digit of b(-13)?
0
Suppose 2*w = -3*m + 8, 0*w + m - 14 = 5*w. What is the units digit of -2 + 480/5 + w?
2
Suppose 25 = -5*u, -4*b = -2*u - 3*u - 37. Let n = 5 + -8. Let q = b - n. What is the units digit of q?
6
What is the hundreds digit of (569*10/20)/((-1)/(-2))?
5
Let t(r) = -r**2 + 10*r + 6. Let q be t(10). Suppose -u + q*u - 380 = 0. What is the tens digit of u?
7
Suppose 0 = -r + 4*c - 92, 106 = -0*r - r - 3*c. Let v = -69 - r. What is the tens digit of v?
3
Suppose 0 = -2*s + 3 - 1. What is the units digit of (144 + s)*10/25?
8
Let p(y) = y**3 + 10*y**2 - 14*y - 10. Let x be -6 - 4 - (2 - 1). What is the tens digit of p(x)?
2
Suppose -m = 3 - 0. Let u(b) = 9*b - 7. Let v be u(m). What is the tens digit of 4920/204 + 4/v?
2
Let p = -607 + 719. What is the tens digit of p?
1
Let s(i) = -4*i + 2. Let d be s(-4). Suppose -z + 6*z - 33 = -4*y, 11 = 3*y + z. Suppose 72 - d = y*g. What is the units digit of g?
7
Suppose -26 = -3*y - 2*g, 3*g = 4*y - 0*y - 29. Let w be (-2)/y - 375/(-12). Suppose 0 = 2*k - 3*b - w, -2*k - 3 = 4*b - 13. What is the units digit of k?
1
Suppose 2*x + 0 + 2 = 0. What is the hundreds digit of (142 - x) + 1 - (-4 + 2)?
1
Suppose 0 = -10*d + 14*d 